(base 11) in base 16?
6
What is -4 (base 9) in base 14?
-4
Convert 30 (base 5) to base 11.
14
Convert 72 (base 13) to base 8.
135
Convert 19 (base 11) to base 12.
18
Convert -3 (base 15) to base 11.
-3
Convert 6 (base 12) to base 2.
110
108 (base 11) to base 14
93
Convert 2 (base 13) to base 14.
2
-131 (base 4) to base 14
-21
-65 (base 8) to base 14
-3b
Convert -89 (base 16) to base 11.
-115
0 (base 16) to base 8
0
Convert 0 (base 3) to base 13.
0
200 (base 3) to base 12
16
-24 (base 13) to base 11
-28
0 (base 15) to base 2
0
Convert 45 (base 14) to base 3.
2021
Convert 236 (base 11) to base 12.
1b5
What is 1 (base 5) in base 12?
1
Convert -2 (base 4) to base 6.
-2
Convert 3310 (base 4) to base 16.
f4
33 (base 8) to base 16
1b
-258 (base 9) to base 8
-327
Convert -1110 (base 2) to base 7.
-20
Convert 1 (base 9) to base 15.
1
-1 (base 7) to base 14
-1
What is 7 (base 13) in base 2?
111
Convert 10 (base 3) to base 11.
3
Convert -26 (base 9) to base 14.
-1a
What is -10 (base 4) in base 11?
-4
-1d (base 15) to base 14
-20
-10 (base 16) to base 3
-121
What is -192 (base 10) in base 16?
-c0
What is -44 (base 8) in base 16?
-24
What is 2 (base 11) in base 12?
2
What is -a (base 14) in base 2?
-1010
What is -70 (base 11) in base 5?
-302
What is 6 (base 14) in base 10?
6
-52 (base 10) to base 6
-124
What is 1 (base 11) in base 6?
1
Convert 0 (base 7) to base 4.
0
What is 11 (base 10) in base 9?
12
-5 (base 13) to base 9
-5
22 (base 8) to base 11
17
4 (base 5) to base 9
4
What is 39 (base 13) in base 15?
33
What is -12a (base 11) in base 7?
-306
-4 (base 9) to base 11
-4
Convert 2 (base 7) to base 14.
2
45 (base 11) to base 5
144
10 (base 3) to base 16
3
Convert 110 (base 3) to base 14.
c
Convert 11 (base 2) to base 14.
3
Convert 1 (base 12) to base 11.
1
Convert 1110011 (base 2) to base 9.
137
4 (base 7) to base 14
4
Convert 1 (base 14) to base 10.
1
Convert 1011 (base 3) to base 14.
23
What is 2 (base 4) in base 16?
2
Convert -3 (base 4) to base 6.
-3
What is 543 (base 7) in base 3?
101020
Convert -131 (base 5) to base 8.
-51
76 (base 16) to base 13
91
-5 (base 9) to base 16
-5
Convert -3 (base 15) to base 3.
-10
What is 120 (base 3) in base 14?
11
-256 (base 10) to base 5
-2011
Convert -53 (base 14) to base 8.
-111
33 (base 16) to base 9
56
-1 (base 15) to base 6
-1
18 (base 9) to base 8
21
8 (base 16) to base 11
8
What is 1002 (base 3) in base 12?
25
What is -1d4 (base 14) in base 16?
-17e
What is 19 (base 12) in base 6?
33
What is -22 (base 16) in base 10?
-34
0 (base 2) to base 8
0
Convert 75 (base 9) to base 4.
1010
Convert 334 (base 11) to base 12.
294
34 (base 8) to base 15
1d
Convert -117 (base 13) to base 7.
-360
What is 10 (base 3) in base 9?
3
101 (base 3) to base 9
11
Convert -195 (base 11) to base 12.
-169
What is 19 (base 16) in base 15?
1a
What is 10100 (base 2) in base 10?
20
Convert a8 (base 16) to base 12.
120
3 (base 8) to base 16
3
What is 4 (base 12) in base 11?
4
Convert 10 (base 2) to base 4.
2
Convert 33 (base 7) to base 10.
24
What is -2 (base 14) in base 3?
-2
2 (base 9) to base 5
2
What is -6 (base 8) in base 4?
-12
4 (base 15) to base 4
10
What is -366 (base 7) in base 13?
-120
101 (base 5) to base 16
1a
2 (base 11) to base 2
10
Convert -1 (base 6) to base 15.
-1
-15 (base 7) to base 9
-13
What is 101 (base 2) in base 6?
5
223 (base 6) to base 9
106
156 (base 14) to base 2
100010000
Convert -30 (base 13) to base 4.
-213
-404 (base 6) to base 2
-10010100
What is -7c (base 15) in base 14?
-85
137 (base 11) to base 15
ab
Convert 10 (base 9) to base 8.
11
Convert -10 (base 2) to base 16.
-2
-161 (base 7) to base 13
-71
Convert 1 (base 10) to base 4.
1
What is -19c (base 13) in base 16?
-12a
Convert 11 (base 4) to base 12.
5
What is -116 (base 9) in base 8?
-140
Convert -4 (base 13) to base 3.
-11
What is 2 (base 11) in base 12?
2
What is -131 (base 5) in base 2?
-101001
0 (base 13) to base 11
0
What is -10 (base 2) in base 3?
-2
0 (base 7) to base 11
0
What is 14 (base 10) in base 4?
32
151 (base 8) to base 9
126
What is -101 (base 4) in base 14?
-13
1 (base 4) to base 6
1
122 (base 12) to base 3
20022
What is 30 (base 9) in base 11?
25
-4 (base 16) to base 11
-4
48 (base 12) to base 10
56
Convert -11001011 (base 2) to base 4.
-3023
What is -a (base 13) in base 15?
-a
3 (base 9) to base 10
3
Convert 131 (base 4) to base 10.
29
b (base 13) to base 16
b
Convert 1 (base 13) to base 14.
1
What is 20 (base 14) in base 7?
40
7 (base 16) to base 6
11
What is 4 (base 8) in base 4?
10
What is 11 (base 5) in base 15?
6
24 (base 11) to base 4
122
13 (base 10) to base 16
d
12 (base 8) to base 6
14
Convert -1 (base 6) to base 2.
-1
-7 (base 16) to base 3
-21
Convert 4 (base 13) to base 16.
4
What is -32 (base 8) in base 5?
-101
Convert -120 (base 4) to base 10.
-24
-4 (base 8) to base 13
-4
-210 (base 3) to base 8
-25
-1 (base 2) to base 12
-1
1110101 (base 2) to base 5
432
Convert -38 (base 13) to base 11.
-43
3 (base 16) to base 7
3
What is 0 (base 11) in base 10?
0
Convert -4b (base 15) to base 7.
-131
What is -31 (base 6) in base 7?
-25
What is 12 (base 7) in base 2?
1001
Convert -3 (base 16) to base 13.
-3
1 (base 15) to base 12
1
What is 101 (base 2) in base 7?
5
Convert -22 (base 7) to base 6.
-24
-4 (base 16) to base 13
-4
Convert 111001 (base 2) to base 11.
52
Convert 4 (base 6) to base 9.
4
Convert 4 (base 12) to base 10.
4
What is -1101011 (base 2) in base 3?
-10222
What is -134 (base 13) in base 11?
-183
Convert -102 (base 4) to base 13.
-15
Convert -4 (base 15) to base 11.
-4
What is 22 (base 7) in base 14?
12
What is 22 (base 7) in base 4?
100
Convert 8 (base 10) to base 4.
20
Convert -69 (base 11) to base 3.
-2210
What is 2 (base 10) in base 8?
2
What is 0 (base 9) in base 15?
0
Convert -11 (base 7) to base 2.
-1000
-9 (base 12) to base 15
-9
What is -5 (base 10) in base 14?
-5
-206 (base 7) to base 8
-150
Convert -177 (base 15) to base 4.
-11101
4 (base 15) to base 10
4
Convert -15 (base 12) to base 15.
-12
17 (base 15) to base 8
26
Convert -31 (base 6) to base 11.
-18
-a (base 16) to base 2
-1010
What is 10201 (base 4) in base 16?
121
What is 13a (base 12) in base 7?
361
-22 (base 5) to base 11
-11
What is -10 (base 8) in base 13?
-8
-4 (base 9) to base 15
-4
6 (base 8) to base 15
6
7c (base 13) to base 9
124
What is -4 (base 14) in base 10?
-4
What is 44 (base 7) in base 5?
112
What is 2 (base 8) in base 9?
2
What is -2 (base 15) in base 13?
-2
What is 21 (base 3) in base 15?
7
Convert 82 (base 13) to base 15.
71
What is 201 (base 4) in base 11?
30
c (base 16) to base 12
10
Convert 43 (base 5) to base 12.
1b
What is 3 (base 4) in base 2?
11
-3 (base 13) to base 16
-3
366 (base 7) to base 4
3003
Convert 15 (base 12) to base 15.
12
-20 (base 10) to base 15
-15
What is 8 (base 9) in base 16?
8
What is -1 (base 12) in base 11?
-1
5 (base 12) to base 13
5
-3 (base 11) to base 6
-3
What is -22 (base 10) in base 7?
-31
-111 (base 11) to base 14
-97
Convert 0 (base 5) to base 3.
0
What is 40 (base 5) in base 10?
20
What is -435 (base 7) in base 10?
-222
What is -1313 (base 4) in base 5?
-434
What is 1 (base 14) in base 13?
1
What is 10 (base 7) in base 10?
7
-7 (base 14) to base 7
-10
What is -32 (base 8) in base 16?
-1a
What is 12 (base 6) in base 7?
11
What is -21 (base 5) in base 8?
-13
Convert -26 (base 11) to base 5.
-103
What is -11 (base 6) in base 8?
-7
What is 2 (base 13) in base 2?
10
What is -21 (base 7) in base 5?
-30
Convert 0 (base 7) to base 2.
0
What is -170 (base 9) in base 6?
-400
What is 2 (base 9) in base 3?
2
What is 1242 (base 5) in base 6?
525
Convert -8 (base 16) to base 9.
-8
Convert 16 (base 11) to base 10.
17
0 (base 10) to base 14
0
-1220 (base 3) to base 8
-63
15 (base 9) to base 7
20
What is -2 (base 10) in base 4?
-2
-122 (base 4) to base 11
-24
Convert -13 (base 7) to base 13.
-a
-4 (base 16) to base 6
-4
What is -6 (base 10) in base 16?
-6
Convert -1001 (base 2) to base 3.
-100
80 (base 15) to base 16
78
Convert -415 (base 6) to base 15.
-a5
Convert -111110 (base 2) to base 11.
-57
What is -21 (base 12) in base 2?
-11001
Convert -3 (base 10) to base 12.
-3
What is -14 (base 7) in base 11?
-10
-3 (base 14) to base 6
-3
What is -58 (base 13) in base 7?
-133
What is 11 (base 14) in base 16?
f
Wha